{"id":379,"date":"2017-12-19T04:39:36","date_gmt":"2017-12-19T04:39:36","guid":{"rendered":"http:\/\/solmu.eu\/asukasvaikuttaa\/?page_id=379"},"modified":"2018-01-07T04:27:38","modified_gmt":"2018-01-07T04:27:38","slug":"urheilupuisto","status":"publish","type":"page","link":"https:\/\/solmu.eu\/asukkaidenespoo\/urheilupuisto\/","title":{"rendered":"Lepp\u00e4vaaran urheilupuiston liikenne ja pys\u00e4k\u00f6inti"},"content":{"rendered":"<iframe loading=\"lazy\" frameborder=\"0\" src=\"https:\/\/docs.google.com\/document\/d\/1Un_vcBJ5OWA0_HzaX49kGT8Q_3Kgp7hB36WOUvFkCt4\/preview?usp=drivesdk\" width=\"100%\" height=\"500\" style=\"border:0;max-width:100%\" scrolling=\"yes\"><\/iframe>\n<hr \/>\n<h4>Uutisia<\/h4>\n<div class=\"atw-show-posts-schema\" itemtype=\"https:\/\/schema.org\/Blog\" itemscope > <!-- begin Blog -->\n<div style=\"clear:both;\"><\/div><div class=\"atw-show-posts\"><div class=\"atw-content-2-col atw-cf\" style=\"clear:left;\">\n\n    <article id=\"post-508\" class=\"content-default post-area post-author-id-1 l-font-size font-inherit post-508 post type-post status-publish format-standard hentry category-kaikki category-urheilupuisto\" itemtype=\"https:\/\/schema.org\/BlogPosting\" itemscope itemprop=\"blogPost\"><!-- POST: standard -->\n    <header class=\"entry-header\">\n        <h2  class=\"post-title entry-title s-font-size-title font-inherit\" itemprop=\"headline name\">\t\t<a href=\"https:\/\/solmu.eu\/asukkaidenespoo\/2018\/01\/espoo-fi-leppavaaran-urheilupuisto-kasvaa-espoon-suurimmaksi-urheiluyhteisoksi\/\" title=\"Kestolinkki artikkeliin espoo.fi &gt; Lepp\u00e4vaaran urheilupuisto kasvaa Espoon suurimmaksi urheiluyhteis\u00f6ksi\" rel=\"bookmark\">espoo.fi > Lepp\u00e4vaaran urheilupuisto kasvaa Espoon suurimmaksi urheiluyhteis\u00f6ksi<\/a>\n\t\t<\/h2>\n<div class=\"entry-meta \">\n<meta itemprop=\"datePublished\" content=\"2018-01-03T19:46:28+02:00\"\/>\n<meta itemprop=\"dateModified\" content=\"2018-01-05T10:34:04+02:00\"\/>\n<span style=\"display:none\" itemscope itemprop=\"publisher\" itemtype=\"https:\/\/schema.org\/Organization\"><span itemprop=\"name\">Asukkaiden Espoo<\/span><!-- no logo defined --><\/span>\n<span class=\"meta-info-wrap post-hide-author post-hide-categories post-hide-tags post-hide-permalink entry-meta-gicons  xs-font-size font-inherit\">\n<span class=\"sep posted-on\">Posted on <\/span><a href=\"https:\/\/solmu.eu\/asukkaidenespoo\/2018\/01\/espoo-fi-leppavaaran-urheilupuisto-kasvaa-espoon-suurimmaksi-urheiluyhteisoksi\/\" title=\"19.46\" rel=\"bookmark\"><time class=\"entry-date\" datetime=\"2018-01-03T19:46:28+02:00\">3.1.2018<\/time><\/a><span class=\"by-author\"> <span class=\"sep\"> by <\/span> <span class=\"author vcard\"><a class=\"url fn n\" href=\"https:\/\/solmu.eu\/asukkaidenespoo\/author\/admin\/\" title=\"Katso kaikki artikkelit kirjoittajalta Esko Uotila\" rel=\"author\"><span itemtype=\"https:\/\/schema.org\/Person\" itemscope itemprop=\"author\"><span itemprop=\"name\">Esko Uotila<\/span><\/span><\/a><\/span><\/span><time class=\"updated\" datetime=\"2018-01-05T10:34:04+02:00\">5.1.2018<\/time>\n<\/span><!-- .entry-meta-icons --><\/div><!-- \/entry-meta -->\n    <\/header><!-- .entry-header -->\n\n        <div class=\"entry-summary clearfix\">\n<p>Kuva: Arkkitehtisuunnittelu Arkitekturum Oy. Ilmakuva: Olli Urpela. Lepp\u00e4vaaran urheilupuistoon suunnitellaan uutta urheiluhallia palveluineen. Samalla tavoitteena on\u00a0selkeytt\u00e4\u00e4 urheilupuiston sis\u00e4isi\u00e4 jalankulkuyhteyksi\u00e4 sek\u00e4 saattoliikenne- ja pys\u00e4k\u00f6intij\u00e4rjestelyit\u00e4. Urheilupuiston osallistumis- ja arviointisuunnitelma on n\u00e4ht\u00e4vill\u00e4 8.1.2018 \u2013 6.2.2018.\u00a0 Kaupunkisuunnittelukeskus j\u00e4rjest\u00e4\u00e4 asukastilaisuuden Lepp\u00e4vaaran urheilupuiston asemakaavamuutoksesta\u00a0keskiviikkona 24.1.2018 <span class=\"excerpt-dots\">&hellip;<\/span> <a class=\"more-link\" href=\"https:\/\/solmu.eu\/asukkaidenespoo\/2018\/01\/espoo-fi-leppavaaran-urheilupuisto-kasvaa-espoon-suurimmaksi-urheiluyhteisoksi\/\"><span class=\"more-msg\">Jatka lukemista &rarr;<\/span><\/a><\/p>\n        <\/div><!-- .entry-summary -->\n        \n    <footer class=\"entry-utility\"><!-- bottom meta -->\n        \n<div class=\"meta-info-wrap post-hide-author post-hide-categories post-hide-tags post-hide-permalink entry-meta-gicons  xs-font-size font-inherit\">\n<span class=\"cat-links\"><span class=\"entry-utility-prep entry-utility-prep-cat-links\">Julkaistu<\/span> <a href=\"https:\/\/solmu.eu\/asukkaidenespoo\/category\/kaikki\/\" rel=\"category tag\">Kaikki<\/a>, <a href=\"https:\/\/solmu.eu\/asukkaidenespoo\/category\/urheilupuisto\/\" rel=\"category tag\">urheilupuisto<\/a><\/span>\n<\/div><!-- .entry-meta-icons -->\n    <\/footer><!-- #entry-utility -->\n        <div class=\"clear-post-end\" style=\"clear:both;\"><\/div>\n<link itemprop=\"mainEntityOfPage\" href=\"https:\/\/solmu.eu\/asukkaidenespoo\/2018\/01\/espoo-fi-leppavaaran-urheilupuisto-kasvaa-espoon-suurimmaksi-urheiluyhteisoksi\/\" \/>    <\/article><!-- \/#post-508 -->\n\n<div style='clear:both;'><\/div>\n<\/div> <!-- atw-content-2-col -->\n<\/div><!-- show_posts -->\n<\/div> <!-- end Blog -->\n","protected":false},"excerpt":{"rendered":"<p>Uutisia<\/p>\n <a class=\"more-link\" href=\"https:\/\/solmu.eu\/asukkaidenespoo\/2018\/01\/espoo-fi-leppavaaran-urheilupuisto-kasvaa-espoon-suurimmaksi-urheiluyhteisoksi\/\"><span class=\"more-msg\">Jatka lukemista &rarr;<\/span><\/a>","protected":false},"author":1,"featured_media":0,"parent":0,"menu_order":0,"comment_status":"closed","ping_status":"closed","template":"","meta":{"_uag_custom_page_level_css":"","_monsterinsights_skip_tracking":false,"_monsterinsights_sitenote_active":false,"_monsterinsights_sitenote_note":"","_monsterinsights_sitenote_category":0,"footnotes":""},"class_list":["post-379","page","type-page","status-publish","hentry"],"featured_image_src":null,"uagb_featured_image_src":{"full":false,"thumbnail":false,"medium":false,"medium_large":false,"large":false,"1536x1536":false,"2048x2048":false},"uagb_author_info":{"display_name":"Esko Uotila","author_link":"https:\/\/solmu.eu\/asukkaidenespoo\/author\/admin\/"},"uagb_comment_info":0,"uagb_excerpt":"Uutisia","_links":{"self":[{"href":"https:\/\/solmu.eu\/asukkaidenespoo\/wp-json\/wp\/v2\/pages\/379","targetHints":{"allow":["GET"]}}],"collection":[{"href":"https:\/\/solmu.eu\/asukkaidenespoo\/wp-json\/wp\/v2\/pages"}],"about":[{"href":"https:\/\/solmu.eu\/asukkaidenespoo\/wp-json\/wp\/v2\/types\/page"}],"author":[{"embeddable":true,"href":"https:\/\/solmu.eu\/asukkaidenespoo\/wp-json\/wp\/v2\/users\/1"}],"replies":[{"embeddable":true,"href":"https:\/\/solmu.eu\/asukkaidenespoo\/wp-json\/wp\/v2\/comments?post=379"}],"version-history":[{"count":5,"href":"https:\/\/solmu.eu\/asukkaidenespoo\/wp-json\/wp\/v2\/pages\/379\/revisions"}],"predecessor-version":[{"id":530,"href":"https:\/\/solmu.eu\/asukkaidenespoo\/wp-json\/wp\/v2\/pages\/379\/revisions\/530"}],"wp:attachment":[{"href":"https:\/\/solmu.eu\/asukkaidenespoo\/wp-json\/wp\/v2\/media?parent=379"}],"curies":[{"name":"wp","href":"https:\/\/api.w.org\/{rel}","templated":true}]}}