{"id":41624,"date":"2025-10-22T08:55:24","date_gmt":"2025-10-22T05:55:24","guid":{"rendered":"https:\/\/solmu.eu\/asukkaidenespoo\/?page_id=41624"},"modified":"2025-10-25T19:22:38","modified_gmt":"2025-10-25T16:22:38","slug":"asukasosallisuus","status":"publish","type":"page","link":"https:\/\/solmu.eu\/asukkaidenespoo\/asukasosallisuus\/","title":{"rendered":"Asukasosallisuus"},"content":{"rendered":"<h3 style=\"margin: 0;\">Asukasosallisuus<\/h3>\n<p style=\"margin: 0.4em 0;\">Tietol\u00e4hteit\u00e4 osallisuudesta ja asukkaiden mahdollisuuksista osallistua ja vaikuttaa Espoon ja hyvinvointialueen kehitt\u00e4miseen.<\/p>\n<p><iframe loading=\"lazy\" style=\"border: 0px #ffffff none;width:100%;\" src=\"https:\/\/start.me\/p\/nRgJNM\/asukkaiden-espoo?embed=1\" name=\"startme\" width=\"100%\" height=\"1000\" frameborder=\"0\" marginwidth=\"0px\" marginheight=\"0px\" scrolling=\"auto\" allowfullscreen=\"allowfullscreen\"><span data-mce-type=\"bookmark\" style=\"display: inline-block; width: 0px; overflow: hidden; line-height: 0;\" class=\"mce_SELRES_start\">\ufeff<\/span><\/iframe><\/p>\n<p>Lis\u00e4tietoa: Esko Uotila, <a href=\"https:\/\/solmu.eu\/\">Asukastoimintaa Espoossa &#8211; Solmu.eu<\/a><\/p>\n","protected":false},"excerpt":{"rendered":"<p>Asukasosallisuus Tietol\u00e4hteit\u00e4 osallisuudesta ja asukkaiden mahdollisuuksista osallistua ja vaikuttaa Espoon ja hyvinvointialueen kehitt\u00e4miseen. \ufeff Lis\u00e4tietoa: Esko Uotila, Asukastoimintaa Espoossa &#8211; Solmu.eu<\/p>\n <a class=\"more-link\" href=\"https:\/\/solmu.eu\/asukkaidenespoo\/asukasosallisuus\/\"><span class=\"more-msg\">Jatka lukemista &rarr;<\/span><\/a>","protected":false},"author":1,"featured_media":0,"parent":0,"menu_order":0,"comment_status":"closed","ping_status":"closed","template":"paget-blank.php","meta":{"_uag_custom_page_level_css":"","_monsterinsights_skip_tracking":false,"_monsterinsights_sitenote_active":false,"_monsterinsights_sitenote_note":"","_monsterinsights_sitenote_category":0,"footnotes":""},"class_list":["post-41624","page","type-page","status-publish","hentry"],"featured_image_src":null,"uagb_featured_image_src":{"full":false,"thumbnail":false,"medium":false,"medium_large":false,"large":false,"1536x1536":false,"2048x2048":false},"uagb_author_info":{"display_name":"Esko Uotila","author_link":"https:\/\/solmu.eu\/asukkaidenespoo\/author\/admin\/"},"uagb_comment_info":0,"uagb_excerpt":"Asukasosallisuus Tietol\u00e4hteit\u00e4 osallisuudesta ja asukkaiden mahdollisuuksista osallistua ja vaikuttaa Espoon ja hyvinvointialueen kehitt\u00e4miseen. \ufeff Lis\u00e4tietoa: Esko Uotila, Asukastoimintaa Espoossa &#8211; Solmu.eu","_links":{"self":[{"href":"https:\/\/solmu.eu\/asukkaidenespoo\/wp-json\/wp\/v2\/pages\/41624","targetHints":{"allow":["GET"]}}],"collection":[{"href":"https:\/\/solmu.eu\/asukkaidenespoo\/wp-json\/wp\/v2\/pages"}],"about":[{"href":"https:\/\/solmu.eu\/asukkaidenespoo\/wp-json\/wp\/v2\/types\/page"}],"author":[{"embeddable":true,"href":"https:\/\/solmu.eu\/asukkaidenespoo\/wp-json\/wp\/v2\/users\/1"}],"replies":[{"embeddable":true,"href":"https:\/\/solmu.eu\/asukkaidenespoo\/wp-json\/wp\/v2\/comments?post=41624"}],"version-history":[{"count":15,"href":"https:\/\/solmu.eu\/asukkaidenespoo\/wp-json\/wp\/v2\/pages\/41624\/revisions"}],"predecessor-version":[{"id":41649,"href":"https:\/\/solmu.eu\/asukkaidenespoo\/wp-json\/wp\/v2\/pages\/41624\/revisions\/41649"}],"wp:attachment":[{"href":"https:\/\/solmu.eu\/asukkaidenespoo\/wp-json\/wp\/v2\/media?parent=41624"}],"curies":[{"name":"wp","href":"https:\/\/api.w.org\/{rel}","templated":true}]}}