{"id":11,"date":"2018-11-30T12:27:55","date_gmt":"2018-11-30T10:27:55","guid":{"rendered":"https:\/\/solmu.eu\/opijatoimi\/?page_id=11"},"modified":"2019-02-22T09:37:16","modified_gmt":"2019-02-22T07:37:16","slug":"ota-yhteytta","status":"publish","type":"page","link":"https:\/\/solmu.eu\/opijatoimi\/ota-yhteytta\/","title":{"rendered":"Ota yhteytt\u00e4"},"content":{"rendered":"\n<p>L\u00e4het\u00e4 palautetta ja kysymyksi\u00e4 s\u00e4hk\u00f6postitse osoitteeseen<\/p>\n\n\n\n<p><a href=\"mailto:opijatoimi@gmail.com\">opijatoimi@gmail.com<\/a><\/p>\n\n\n\n<p><\/p>\n","protected":false},"excerpt":{"rendered":"<p>L\u00e4het\u00e4 palautetta ja kysymyksi\u00e4 s\u00e4hk\u00f6postitse osoitteeseen opijatoimi@gmail.com<\/p>\n","protected":false},"author":1,"featured_media":0,"parent":0,"menu_order":0,"comment_status":"closed","ping_status":"closed","template":"","meta":{"jetpack_post_was_ever_published":false,"footnotes":""},"class_list":["post-11","page","type-page","status-publish","hentry"],"jetpack_sharing_enabled":true,"jetpack_shortlink":"https:\/\/wp.me\/PaLwO6-b","jetpack-related-posts":[],"_links":{"self":[{"href":"https:\/\/solmu.eu\/opijatoimi\/wp-json\/wp\/v2\/pages\/11","targetHints":{"allow":["GET"]}}],"collection":[{"href":"https:\/\/solmu.eu\/opijatoimi\/wp-json\/wp\/v2\/pages"}],"about":[{"href":"https:\/\/solmu.eu\/opijatoimi\/wp-json\/wp\/v2\/types\/page"}],"author":[{"embeddable":true,"href":"https:\/\/solmu.eu\/opijatoimi\/wp-json\/wp\/v2\/users\/1"}],"replies":[{"embeddable":true,"href":"https:\/\/solmu.eu\/opijatoimi\/wp-json\/wp\/v2\/comments?post=11"}],"version-history":[{"count":3,"href":"https:\/\/solmu.eu\/opijatoimi\/wp-json\/wp\/v2\/pages\/11\/revisions"}],"predecessor-version":[{"id":246,"href":"https:\/\/solmu.eu\/opijatoimi\/wp-json\/wp\/v2\/pages\/11\/revisions\/246"}],"wp:attachment":[{"href":"https:\/\/solmu.eu\/opijatoimi\/wp-json\/wp\/v2\/media?parent=11"}],"curies":[{"name":"wp","href":"https:\/\/api.w.org\/{rel}","templated":true}]}}